{"id":196,"date":"2022-02-17T15:45:02","date_gmt":"2022-02-17T14:45:02","guid":{"rendered":"http:\/\/yniidvn.cluster031.hosting.ovh.net\/?page_id=196"},"modified":"2022-11-19T17:45:22","modified_gmt":"2022-11-19T16:45:22","slug":"contacter-lelevage-de-lama","status":"publish","type":"page","link":"https:\/\/www.lamadoue.fr\/index.php\/contacter-lelevage-de-lama\/","title":{"rendered":"Nous contacter"},"content":{"rendered":"<div data-colibri-id=\"196-c1\" class=\"style-383 style-local-196-c1 position-relative\">\r\n  <!---->\r\n  <div data-colibri-component=\"section\" data-colibri-id=\"196-c2\" id=\"initial-content\" class=\"h-section h-section-global-spacing d-flex align-items-lg-center align-items-md-center align-items-center style-384 style-local-196-c2 position-relative\">\r\n    <!---->\r\n    <!---->\r\n    <div class=\"h-section-grid-container h-section-boxed-container\">\r\n      <!---->\r\n      <div data-colibri-id=\"196-c3\" class=\"h-row-container gutters-row-lg-2 gutters-row-md-2 gutters-row-0 gutters-row-v-lg-2 gutters-row-v-md-2 gutters-row-v-2 style-385 style-local-196-c3 position-relative\">\r\n        <!---->\r\n        <div class=\"h-row justify-content-lg-center justify-content-md-center justify-content-center align-items-lg-stretch align-items-md-stretch align-items-stretch gutters-col-lg-2 gutters-col-md-2 gutters-col-0 gutters-col-v-lg-2 gutters-col-v-md-2 gutters-col-v-2\">\r\n          <!---->\r\n          <div class=\"h-column h-column-container d-flex h-col-lg-auto h-col-md-auto h-col-auto style-386-outer style-local-196-c4-outer\">\r\n            <div data-colibri-id=\"196-c4\" class=\"d-flex h-flex-basis h-column__inner h-px-lg-2 h-px-md-2 h-px-2 v-inner-lg-2 v-inner-md-2 v-inner-2 style-386 style-local-196-c4 position-relative\">\r\n              <!---->\r\n              <!---->\r\n              <div class=\"w-100 h-y-container h-column__content h-column__v-align flex-basis-100 align-self-lg-start align-self-md-start align-self-start\">\r\n                <!---->\r\n                <div data-colibri-id=\"196-c5\" class=\"style-387 style-local-196-c5 position-relative h-element\">\r\n                  <!---->\r\n                  <div>\r\n                    <div class=\"forminator-ui forminator-custom-form forminator-custom-form-283 forminator-design--default  forminator_ajax\" data-forminator-render=\"0\" data-form=\"forminator-module-283\" data-uid=\"69e0a3328aa7e\"><br\/><\/div><form\n\t\t\t\tid=\"forminator-module-283\"\n\t\t\t\tclass=\"forminator-ui forminator-custom-form forminator-custom-form-283 forminator-design--default  forminator_ajax\"\n\t\t\t\tmethod=\"post\"\n\t\t\t\tdata-forminator-render=\"0\"\n\t\t\t\tdata-form-id=\"283\"\n\t\t\t\t data-color-option=\"default\" data-design=\"default\" data-grid=\"open\" style=\"display: none;\"\n\t\t\t\tdata-uid=\"69e0a3328aa7e\"\n\t\t\t><div role=\"alert\" aria-live=\"polite\" class=\"forminator-response-message forminator-error\" aria-hidden=\"true\"><\/div><div class=\"forminator-row\"><div id=\"name-1\" class=\"forminator-field-name forminator-col forminator-col-12 \"><div class=\"forminator-field\"><label for=\"forminator-field-name-1_69e0a3328aa7e\" id=\"forminator-field-name-1_69e0a3328aa7e-label\" class=\"forminator-label\">Pr\u00e9nom <span class=\"forminator-required\">*<\/span><\/label><input type=\"text\" name=\"name-1\" value=\"\" placeholder=\"Par exemple\u00a0: Jean\" id=\"forminator-field-name-1_69e0a3328aa7e\" class=\"forminator-input forminator-name--field\" aria-required=\"true\" autocomplete=\"name\" \/><\/div><\/div><\/div><div class=\"forminator-row\"><div id=\"email-1\" class=\"forminator-field-email forminator-col forminator-col-12 \"><div class=\"forminator-field\"><label for=\"forminator-field-email-1_69e0a3328aa7e\" id=\"forminator-field-email-1_69e0a3328aa7e-label\" class=\"forminator-label\">Adresse de messagerie <span class=\"forminator-required\">*<\/span><\/label><input type=\"email\" name=\"email-1\" value=\"\" placeholder=\"Par exemple\u00a0: jacques@martin.com\" id=\"forminator-field-email-1_69e0a3328aa7e\" class=\"forminator-input forminator-email--field\" data-required=\"true\" aria-required=\"true\" autocomplete=\"email\" \/><\/div><\/div><\/div><div class=\"forminator-row\"><div id=\"phone-1\" class=\"forminator-field-phone forminator-col forminator-col-12 \"><div class=\"forminator-field\"><label for=\"forminator-field-phone-1_69e0a3328aa7e\" id=\"forminator-field-phone-1_69e0a3328aa7e-label\" class=\"forminator-label\">Num\u00e9ro de t\u00e9l\u00e9phone<\/label><input type=\"text\" name=\"phone-1\" value=\"\" placeholder=\"Par exemple\u00a0: +1 02 03 04 05\" id=\"forminator-field-phone-1_69e0a3328aa7e\" class=\"forminator-input forminator-field--phone\" data-required=\"\" aria-required=\"false\" autocomplete=\"off\" \/><\/div><\/div><\/div><div class=\"forminator-row\"><div id=\"textarea-1\" class=\"forminator-field-textarea forminator-col forminator-col-12 \"><div class=\"forminator-field\"><label for=\"forminator-field-textarea-1_69e0a3328aa7e\" id=\"forminator-field-textarea-1_69e0a3328aa7e-label\" class=\"forminator-label\">Message <span class=\"forminator-required\">*<\/span><\/label><textarea name=\"textarea-1\" placeholder=\"Saisissez votre message\u2026\" id=\"forminator-field-textarea-1_69e0a3328aa7e\" class=\"forminator-textarea\" rows=\"6\" style=\"min-height:140px;\" ><\/textarea><\/div><\/div><\/div><input type=\"hidden\" name=\"referer_url\" value=\"\" \/><div class=\"forminator-row forminator-row-last\"><div class=\"forminator-col\"><div class=\"forminator-field\"><button class=\"forminator-button forminator-button-submit\">Envoyer le message<\/button><\/div><\/div><\/div><input type=\"hidden\" id=\"forminator_nonce\" name=\"forminator_nonce\" value=\"05a849f811\" \/><input type=\"hidden\" name=\"_wp_http_referer\" value=\"\/index.php\/wp-json\/wp\/v2\/pages\/196\" \/><input type=\"hidden\" name=\"form_id\" value=\"283\"><input type=\"hidden\" name=\"page_id\" value=\"196\"><input type=\"hidden\" name=\"form_type\" value=\"default\"><input type=\"hidden\" name=\"current_url\" value=\"https:\/\/www.lamadoue.fr\/index.php\/contacter-lelevage-de-lama\/\"><input type=\"hidden\" name=\"render_id\" value=\"0\"><input type=\"hidden\" name=\"action\" value=\"forminator_submit_form_custom-forms\"><\/form>\n\r\n\r\n                    \r\n                    <p><\/p>\r\n                    \r\n                  <\/div>\r\n                <\/div>\r\n              <\/div>\r\n            <\/div>\r\n          <\/div>\r\n        <\/div>\r\n      <\/div>\r\n    <\/div>\r\n  <\/div>\r\n  <div data-colibri-component=\"section\" data-colibri-id=\"196-c6\" id=\"custom\" class=\"h-section h-section-global-spacing d-flex align-items-lg-center align-items-md-center align-items-center style-388 style-local-196-c6 position-relative\">\r\n    <!---->\r\n    <!---->\r\n    <div class=\"h-section-grid-container h-section-boxed-container\">\r\n      <!---->\r\n      <div data-colibri-id=\"196-c7\" class=\"h-row-container gutters-row-lg-2 gutters-row-md-2 gutters-row-0 gutters-row-v-lg-2 gutters-row-v-md-2 gutters-row-v-2 style-389 style-local-196-c7 position-relative\">\r\n        <!---->\r\n        <div class=\"h-row justify-content-lg-center justify-content-md-center justify-content-center align-items-lg-stretch align-items-md-stretch align-items-stretch gutters-col-lg-2 gutters-col-md-2 gutters-col-0 gutters-col-v-lg-2 gutters-col-v-md-2 gutters-col-v-2\">\r\n          <!---->\r\n          <div class=\"h-column h-column-container d-flex h-col-lg-auto h-col-md-auto h-col-auto style-390-outer style-local-196-c8-outer\">\r\n            <div data-colibri-id=\"196-c8\" class=\"d-flex h-flex-basis h-column__inner h-ui-empty-state-container h-px-lg-2 h-px-md-2 h-px-2 v-inner-lg-2 v-inner-md-2 v-inner-2 style-390 style-local-196-c8 position-relative\">\r\n              <!---->\r\n              <!---->\r\n              <div class=\"w-100 h-y-container h-column__content h-column__v-align flex-basis-100\">\r\n                <!---->\r\n              <\/div>\r\n            <\/div>\r\n          <\/div>\r\n        <\/div>\r\n      <\/div>\r\n    <\/div>\r\n  <\/div>\r\n  <div data-colibri-component=\"section\" data-colibri-id=\"196-c9\" id=\"overlappable\" class=\"h-section h-section-global-spacing d-flex align-items-lg-center align-items-md-center align-items-center style-391 style-local-196-c9 position-relative\">\r\n    <!---->\r\n    <!---->\r\n    <div class=\"h-section-grid-container h-section-boxed-container\">\r\n      <!---->\r\n      <div data-colibri-id=\"196-c10\" class=\"h-row-container gutters-row-lg-2 gutters-row-md-0 gutters-row-2 gutters-row-v-lg-2 gutters-row-v-md-0 gutters-row-v-2 style-392 style-local-196-c10 position-relative\">\r\n        <!---->\r\n        <div class=\"h-row justify-content-lg-center justify-content-md-center justify-content-center align-items-lg-stretch align-items-md-stretch align-items-stretch gutters-col-lg-2 gutters-col-md-0 gutters-col-2 gutters-col-v-lg-2 gutters-col-v-md-0 gutters-col-v-2\">\r\n          <!---->\r\n          <div class=\"h-column h-column-container d-flex h-col-lg-4 h-col-md-4 h-col-12 style-393-outer style-local-196-c11-outer\">\r\n            <div data-colibri-id=\"196-c11\" class=\"d-flex h-flex-basis h-column__inner h-px-lg-2 h-px-md-3 h-px-2 v-inner-lg-0 v-inner-md-3 v-inner-2 style-393 style-local-196-c11 position-relative\">\r\n              <!---->\r\n              <!---->\r\n              <div class=\"w-100 h-y-container h-column__content h-column__v-align flex-basis-100 align-self-lg-start align-self-md-start align-self-start\">\r\n                <!---->\r\n                <div data-colibri-id=\"196-c12\" class=\"h-icon style-394 style-local-196-c12 position-relative h-element\">\r\n                  <!----><span class=\"h-svg-icon h-icon__icon style-394-icon style-local-196-c12-icon\"><!--Icon by Font Awesome (https:\/\/fontawesome.com)-->\r\n    <svg version=\"1.1\" xmlns=\"http:\/\/www.w3.org\/2000\/svg\" xmlns:xlink=\"http:\/\/www.w3.org\/1999\/xlink\" id=\"envelope-o\" viewBox=\"0 0 1792 1896.0833\">\r\n      <path d=\"M1664 1504V736q-32 36-69 66-268 206-426 338-51 43-83 67t-86.5 48.5T897 1280h-2q-48 0-102.5-24.5T706 1207t-83-67q-158-132-426-338-37-30-69-66v768q0 13 9.5 22.5t22.5 9.5h1472q13 0 22.5-9.5t9.5-22.5zm0-1051v-24.5l-.5-13-3-12.5-5.5-9-9-7.5-14-2.5H160q-13 0-22.5 9.5T128 416q0 168 147 284 193 152 401 317 6 5 35 29.5t46 37.5 44.5 31.5T852 1143t43 9h2q20 0 43-9t50.5-27.5 44.5-31.5 46-37.5 35-29.5q208-165 401-317 54-43 100.5-115.5T1664 453zm128-37v1088q0 66-47 113t-113 47H160q-66 0-113-47T0 1504V416q0-66 47-113t113-47h1472q66 0 113 47t47 113z\"><\/path>\r\n    <\/svg><\/span><\/div>\r\n                <div data-colibri-id=\"196-c13\" class=\"h-global-transition-all h-heading style-395 style-local-196-c13 position-relative h-element\">\r\n                  <!---->\r\n                  <div class=\"h-heading__outer style-395 style-local-196-c13\">\r\n                    <!---->\r\n                    <!---->\r\n                    <h5 class=\"\">Par mail<\/h5>\r\n                  <\/div>\r\n                <\/div>\r\n                <div data-colibri-id=\"196-c14\" class=\"h-text h-text-component style-396 style-local-196-c14 position-relative h-element\">\r\n                  <!---->\r\n                  <!---->\r\n                  <div class=\"\">\r\n                    <p>Remplissez le formulaire de contact juste au dessus avec votre demande<\/p>\r\n                  <\/div>\r\n                <\/div>\r\n              <\/div>\r\n            <\/div>\r\n          <\/div>\r\n          <div class=\"h-column h-column-container d-flex h-col-lg-4 h-col-md-4 h-col-12 style-393-outer style-local-196-c15-outer\">\r\n            <div data-colibri-id=\"196-c15\" class=\"d-flex h-flex-basis h-column__inner h-px-lg-2 h-px-md-3 h-px-2 v-inner-lg-0 v-inner-md-3 v-inner-2 style-393 style-local-196-c15 position-relative\">\r\n              <!---->\r\n              <!---->\r\n              <div class=\"w-100 h-y-container h-column__content h-column__v-align flex-basis-100 align-self-lg-start align-self-md-start align-self-start\">\r\n                <!---->\r\n                <div data-colibri-id=\"196-c16\" class=\"h-icon style-394 style-local-196-c16 position-relative h-element\">\r\n                  <!----><span class=\"h-svg-icon h-icon__icon style-394-icon style-local-196-c16-icon\"><!--Icon by Font Awesome (https:\/\/fontawesome.com)-->\r\n    <svg version=\"1.1\" xmlns=\"http:\/\/www.w3.org\/2000\/svg\" xmlns:xlink=\"http:\/\/www.w3.org\/1999\/xlink\" id=\"phone-square\" viewBox=\"0 0 1536 1896.0833\">\r\n      <path d=\"M1280 1193q0-11-2-16t-18-16.5-40.5-25-47.5-26.5-45.5-25-28.5-15q-5-3-19-13t-25-15-21-5q-15 0-36.5 20.5t-39.5 45-38.5 45T885 1167q-7 0-16.5-3.5T853 1157t-17-9.5-14-8.5q-99-55-170-126.5T525 842q-2-3-8.5-14t-9.5-17-6.5-15.5T497 779q0-13 20.5-33.5t45-38.5 45-39.5T628 631q0-10-5-21t-15-25-13-19q-3-6-15-28.5T555 492t-26.5-47.5-25-40.5-16.5-18-16-2q-48 0-101 22-46 21-80 94.5T256 631q0 16 2.5 34t5 30.5 9 33 10 29.5 12.5 33 11 30q60 164 216.5 320.5T843 1358q6 2 30 11t33 12.5 29.5 10 33 9 30.5 5 34 2.5q57 0 130.5-34t94.5-80q22-53 22-101zm256-777v960q0 119-84.5 203.5T1248 1664H288q-119 0-203.5-84.5T0 1376V416q0-119 84.5-203.5T288 128h960q119 0 203.5 84.5T1536 416z\"><\/path>\r\n    <\/svg><\/span><\/div>\r\n                <div data-colibri-id=\"196-c17\" class=\"h-global-transition-all h-heading style-395 style-local-196-c17 position-relative h-element\">\r\n                  <!---->\r\n                  <div class=\"h-heading__outer style-395 style-local-196-c17\">\r\n                    <!---->\r\n                    <!---->\r\n                    <h5 class=\"\">Par t\u00e9lephone<\/h5>\r\n                  <\/div>\r\n                <\/div>\r\n                <div data-colibri-id=\"196-c18\" class=\"h-text h-text-component style-396 style-local-196-c18 position-relative h-element\">\r\n                  <!---->\r\n                  <!---->\r\n                  <div class=\"\">\r\n                    <p>C&rsquo;est simple : 0664625632<\/p>\r\n                  <\/div>\r\n                <\/div>\r\n              <\/div>\r\n            <\/div>\r\n          <\/div>\r\n          <div class=\"h-column h-column-container d-flex h-col-lg-4 h-col-md-4 h-col-12 style-393-outer style-local-196-c19-outer\">\r\n            <div data-colibri-id=\"196-c19\" class=\"d-flex h-flex-basis h-column__inner h-px-lg-2 h-px-md-3 h-px-2 v-inner-lg-0 v-inner-md-3 v-inner-2 style-393 style-local-196-c19 position-relative\">\r\n              <!---->\r\n              <!---->\r\n              <div class=\"w-100 h-y-container h-column__content h-column__v-align flex-basis-100 align-self-lg-start align-self-md-start align-self-start\">\r\n                <!---->\r\n                <div data-colibri-id=\"196-c20\" class=\"h-icon style-394 style-local-196-c20 position-relative h-element\">\r\n                  <!----><span class=\"h-svg-icon h-icon__icon style-394-icon style-local-196-c20-icon\"><!--Icon by Socicon (http:\/\/www.socicon.com)--><svg version=\"1.1\" xmlns=\"http:\/\/www.w3.org\/2000\/svg\" viewBox=\"0 0 1500 1500\">\r\n\r\n<path d=\"M1391.602 117.188l-1333.008 521.484c0 0-64.453 20.508-58.594 61.523s55.664 58.594 55.664 58.594l331.055 111.328c26.367 84.961 105.469 357.422 120.117 410.156 17.578 58.594 29.297 70.313 38.086 73.242 2.93 0 5.859 0 5.859 0 23.438 2.93 41.016-11.719 41.016-11.719l210.938-208.008 333.984 254.883c90.82 38.086 125.977-43.945 125.977-43.945l237.305-1195.313c0-79.102-108.398-32.227-108.398-32.227zM1224.609 389.648c-23.438 20.508-577.148 527.344-632.813 580.078l-32.227 275.391c-2.93 26.367-26.367 26.367-38.086 5.859-23.438-76.172-79.102-278.32-108.398-369.141l785.156-521.484c0 0 43.945-29.297 43.945 0 0 0 0 11.719-17.578 29.297z\"><\/path>\r\n<\/svg>\r\n<\/span><\/div>\r\n                <div data-colibri-id=\"196-c21\" class=\"h-global-transition-all h-heading style-395 style-local-196-c21 position-relative h-element\">\r\n                  <!---->\r\n                  <div class=\"h-heading__outer style-395 style-local-196-c21\">\r\n                    <!---->\r\n                    <!---->\r\n                    <h5 class=\"\">PAr avion en papier<\/h5>\r\n                  <\/div>\r\n                <\/div>\r\n                <div data-colibri-id=\"196-c22\" class=\"h-text h-text-component style-396 style-local-196-c22 position-relative h-element\">\r\n                  <!---->\r\n                  <!---->\r\n                  <div class=\"\">\r\n                    <p>Oui c&rsquo;est possible mais c&rsquo;est plus compliqu\u00e9&#8230; \ud83d\ude09<\/p>\r\n                  <\/div>\r\n                <\/div>\r\n              <\/div>\r\n            <\/div>\r\n          <\/div>\r\n        <\/div>\r\n      <\/div>\r\n    <\/div>\r\n  <\/div>\r\n<\/div>","protected":false},"excerpt":{"rendered":"<p>Par mail Remplissez le formulaire de contact juste au dessus avec votre demande Par t\u00e9lephone C&rsquo;est simple : 0664625632 PAr avion en papier Oui c&rsquo;est possible mais c&rsquo;est plus compliqu\u00e9&#8230; \ud83d\ude09<\/p>\n","protected":false},"author":1,"featured_media":0,"parent":0,"menu_order":0,"comment_status":"closed","ping_status":"closed","template":"page-templates\/full-width-page.php","meta":{"footnotes":""},"class_list":["post-196","page","type-page","status-publish","hentry"],"yoast_head":"<!-- This site is optimized with the Yoast SEO plugin v21.9.1 - https:\/\/yoast.com\/wordpress\/plugins\/seo\/ -->\n<title>Nous contacter - Lamadou\u00e9<\/title>\n<meta name=\"description\" content=\"contacter l&#039;\u00e9levage de lama Lamadou\u00e9 par t\u00e9l\u00e9phone, mail ou avion en papier, pour communiquer avec la ferme et avoir des informations\" \/>\n<meta name=\"robots\" content=\"index, follow, max-snippet:-1, max-image-preview:large, max-video-preview:-1\" \/>\n<link rel=\"canonical\" href=\"https:\/\/www.lamadoue.fr\/index.php\/contacter-lelevage-de-lama\/\" \/>\n<meta property=\"og:locale\" content=\"fr_FR\" \/>\n<meta property=\"og:type\" content=\"article\" \/>\n<meta property=\"og:title\" content=\"Nous contacter - Lamadou\u00e9\" \/>\n<meta property=\"og:description\" content=\"contacter l&#039;\u00e9levage de lama Lamadou\u00e9 par t\u00e9l\u00e9phone, mail ou avion en papier, pour communiquer avec la ferme et avoir des informations\" \/>\n<meta property=\"og:url\" content=\"https:\/\/www.lamadoue.fr\/index.php\/contacter-lelevage-de-lama\/\" \/>\n<meta property=\"og:site_name\" content=\"Lamadou\u00e9\" \/>\n<meta property=\"article:publisher\" content=\"https:\/\/www.facebook.com\/Lamadou-106862788505742\/\" \/>\n<meta property=\"article:modified_time\" content=\"2022-11-19T16:45:22+00:00\" \/>\n<meta name=\"twitter:card\" content=\"summary_large_image\" \/>\n<meta name=\"twitter:label1\" content=\"Dur\u00e9e de lecture estim\u00e9e\" \/>\n\t<meta name=\"twitter:data1\" content=\"1 minute\" \/>\n<script type=\"application\/ld+json\" class=\"yoast-schema-graph\">{\"@context\":\"https:\/\/schema.org\",\"@graph\":[{\"@type\":\"WebPage\",\"@id\":\"https:\/\/www.lamadoue.fr\/index.php\/contacter-lelevage-de-lama\/\",\"url\":\"https:\/\/www.lamadoue.fr\/index.php\/contacter-lelevage-de-lama\/\",\"name\":\"Nous contacter - Lamadou\u00e9\",\"isPartOf\":{\"@id\":\"https:\/\/www.lamadoue.fr\/#website\"},\"datePublished\":\"2022-02-17T14:45:02+00:00\",\"dateModified\":\"2022-11-19T16:45:22+00:00\",\"description\":\"contacter l'\u00e9levage de lama Lamadou\u00e9 par t\u00e9l\u00e9phone, mail ou avion en papier, pour communiquer avec la ferme et avoir des informations\",\"breadcrumb\":{\"@id\":\"https:\/\/www.lamadoue.fr\/index.php\/contacter-lelevage-de-lama\/#breadcrumb\"},\"inLanguage\":\"fr-FR\",\"potentialAction\":[{\"@type\":\"ReadAction\",\"target\":[\"https:\/\/www.lamadoue.fr\/index.php\/contacter-lelevage-de-lama\/\"]}]},{\"@type\":\"BreadcrumbList\",\"@id\":\"https:\/\/www.lamadoue.fr\/index.php\/contacter-lelevage-de-lama\/#breadcrumb\",\"itemListElement\":[{\"@type\":\"ListItem\",\"position\":1,\"name\":\"Accueil\",\"item\":\"https:\/\/www.lamadoue.fr\/\"},{\"@type\":\"ListItem\",\"position\":2,\"name\":\"Nous contacter\"}]},{\"@type\":\"WebSite\",\"@id\":\"https:\/\/www.lamadoue.fr\/#website\",\"url\":\"https:\/\/www.lamadoue.fr\/\",\"name\":\"Lamadou\u00e9\",\"description\":\"&quot;Producteur de douceur&quot; \u00e9levage de lama \u00e0 Montpellier, laine, activit\u00e9 agritourisme, activit\u00e9s ludiques\",\"publisher\":{\"@id\":\"https:\/\/www.lamadoue.fr\/#organization\"},\"potentialAction\":[{\"@type\":\"SearchAction\",\"target\":{\"@type\":\"EntryPoint\",\"urlTemplate\":\"https:\/\/www.lamadoue.fr\/?s={search_term_string}\"},\"query-input\":\"required name=search_term_string\"}],\"inLanguage\":\"fr-FR\"},{\"@type\":\"Organization\",\"@id\":\"https:\/\/www.lamadoue.fr\/#organization\",\"name\":\"Lamadou\u00e9\",\"url\":\"https:\/\/www.lamadoue.fr\/\",\"logo\":{\"@type\":\"ImageObject\",\"inLanguage\":\"fr-FR\",\"@id\":\"https:\/\/www.lamadoue.fr\/#\/schema\/logo\/image\/\",\"url\":\"https:\/\/www.lamadoue.fr\/wp-content\/uploads\/2022\/06\/logo-transparent.png\",\"contentUrl\":\"https:\/\/www.lamadoue.fr\/wp-content\/uploads\/2022\/06\/logo-transparent.png\",\"width\":4096,\"height\":4096,\"caption\":\"Lamadou\u00e9\"},\"image\":{\"@id\":\"https:\/\/www.lamadoue.fr\/#\/schema\/logo\/image\/\"},\"sameAs\":[\"https:\/\/www.facebook.com\/Lamadou-106862788505742\/\",\"https:\/\/www.youtube.com\/channel\/UCOOrtb88az9nkBy-XtLKslg\/videos\",\"https:\/\/www.instagram.com\/lamadoue\/\"]}]}<\/script>\n<!-- \/ Yoast SEO plugin. -->","yoast_head_json":{"title":"Nous contacter - Lamadou\u00e9","description":"contacter l'\u00e9levage de lama Lamadou\u00e9 par t\u00e9l\u00e9phone, mail ou avion en papier, pour communiquer avec la ferme et avoir des informations","robots":{"index":"index","follow":"follow","max-snippet":"max-snippet:-1","max-image-preview":"max-image-preview:large","max-video-preview":"max-video-preview:-1"},"canonical":"https:\/\/www.lamadoue.fr\/index.php\/contacter-lelevage-de-lama\/","og_locale":"fr_FR","og_type":"article","og_title":"Nous contacter - Lamadou\u00e9","og_description":"contacter l'\u00e9levage de lama Lamadou\u00e9 par t\u00e9l\u00e9phone, mail ou avion en papier, pour communiquer avec la ferme et avoir des informations","og_url":"https:\/\/www.lamadoue.fr\/index.php\/contacter-lelevage-de-lama\/","og_site_name":"Lamadou\u00e9","article_publisher":"https:\/\/www.facebook.com\/Lamadou-106862788505742\/","article_modified_time":"2022-11-19T16:45:22+00:00","twitter_card":"summary_large_image","twitter_misc":{"Dur\u00e9e de lecture estim\u00e9e":"1 minute"},"schema":{"@context":"https:\/\/schema.org","@graph":[{"@type":"WebPage","@id":"https:\/\/www.lamadoue.fr\/index.php\/contacter-lelevage-de-lama\/","url":"https:\/\/www.lamadoue.fr\/index.php\/contacter-lelevage-de-lama\/","name":"Nous contacter - Lamadou\u00e9","isPartOf":{"@id":"https:\/\/www.lamadoue.fr\/#website"},"datePublished":"2022-02-17T14:45:02+00:00","dateModified":"2022-11-19T16:45:22+00:00","description":"contacter l'\u00e9levage de lama Lamadou\u00e9 par t\u00e9l\u00e9phone, mail ou avion en papier, pour communiquer avec la ferme et avoir des informations","breadcrumb":{"@id":"https:\/\/www.lamadoue.fr\/index.php\/contacter-lelevage-de-lama\/#breadcrumb"},"inLanguage":"fr-FR","potentialAction":[{"@type":"ReadAction","target":["https:\/\/www.lamadoue.fr\/index.php\/contacter-lelevage-de-lama\/"]}]},{"@type":"BreadcrumbList","@id":"https:\/\/www.lamadoue.fr\/index.php\/contacter-lelevage-de-lama\/#breadcrumb","itemListElement":[{"@type":"ListItem","position":1,"name":"Accueil","item":"https:\/\/www.lamadoue.fr\/"},{"@type":"ListItem","position":2,"name":"Nous contacter"}]},{"@type":"WebSite","@id":"https:\/\/www.lamadoue.fr\/#website","url":"https:\/\/www.lamadoue.fr\/","name":"Lamadou\u00e9","description":"&quot;Producteur de douceur&quot; \u00e9levage de lama \u00e0 Montpellier, laine, activit\u00e9 agritourisme, activit\u00e9s ludiques","publisher":{"@id":"https:\/\/www.lamadoue.fr\/#organization"},"potentialAction":[{"@type":"SearchAction","target":{"@type":"EntryPoint","urlTemplate":"https:\/\/www.lamadoue.fr\/?s={search_term_string}"},"query-input":"required name=search_term_string"}],"inLanguage":"fr-FR"},{"@type":"Organization","@id":"https:\/\/www.lamadoue.fr\/#organization","name":"Lamadou\u00e9","url":"https:\/\/www.lamadoue.fr\/","logo":{"@type":"ImageObject","inLanguage":"fr-FR","@id":"https:\/\/www.lamadoue.fr\/#\/schema\/logo\/image\/","url":"https:\/\/www.lamadoue.fr\/wp-content\/uploads\/2022\/06\/logo-transparent.png","contentUrl":"https:\/\/www.lamadoue.fr\/wp-content\/uploads\/2022\/06\/logo-transparent.png","width":4096,"height":4096,"caption":"Lamadou\u00e9"},"image":{"@id":"https:\/\/www.lamadoue.fr\/#\/schema\/logo\/image\/"},"sameAs":["https:\/\/www.facebook.com\/Lamadou-106862788505742\/","https:\/\/www.youtube.com\/channel\/UCOOrtb88az9nkBy-XtLKslg\/videos","https:\/\/www.instagram.com\/lamadoue\/"]}]}},"_links":{"self":[{"href":"https:\/\/www.lamadoue.fr\/index.php\/wp-json\/wp\/v2\/pages\/196","targetHints":{"allow":["GET"]}}],"collection":[{"href":"https:\/\/www.lamadoue.fr\/index.php\/wp-json\/wp\/v2\/pages"}],"about":[{"href":"https:\/\/www.lamadoue.fr\/index.php\/wp-json\/wp\/v2\/types\/page"}],"author":[{"embeddable":true,"href":"https:\/\/www.lamadoue.fr\/index.php\/wp-json\/wp\/v2\/users\/1"}],"replies":[{"embeddable":true,"href":"https:\/\/www.lamadoue.fr\/index.php\/wp-json\/wp\/v2\/comments?post=196"}],"version-history":[{"count":20,"href":"https:\/\/www.lamadoue.fr\/index.php\/wp-json\/wp\/v2\/pages\/196\/revisions"}],"predecessor-version":[{"id":1829,"href":"https:\/\/www.lamadoue.fr\/index.php\/wp-json\/wp\/v2\/pages\/196\/revisions\/1829"}],"wp:attachment":[{"href":"https:\/\/www.lamadoue.fr\/index.php\/wp-json\/wp\/v2\/media?parent=196"}],"curies":[{"name":"wp","href":"https:\/\/api.w.org\/{rel}","templated":true}]}}