{"id":127,"date":"2022-02-17T15:09:03","date_gmt":"2022-02-17T14:09:03","guid":{"rendered":"http:\/\/yniidvn.cluster031.hosting.ovh.net\/?page_id=127"},"modified":"2024-01-22T16:56:44","modified_gmt":"2024-01-22T15:56:44","slug":"scolaires-et-groupes-evjf-evg","status":"publish","type":"page","link":"https:\/\/www.lamadoue.fr\/index.php\/scolaires-et-groupes-evjf-evg\/","title":{"rendered":"Scolaires et groupes"},"content":{"rendered":"<div data-colibri-id=\"127-c1\" class=\"style-318 style-local-127-c1 position-relative\">\n  <!---->\n  <div data-colibri-component=\"section\" data-colibri-id=\"127-c2\" id=\"about\" class=\"h-section h-section-global-spacing d-flex align-items-lg-center align-items-md-center align-items-center style-326 style-local-127-c2 position-relative\">\n    <!---->\n    <!---->\n    <div class=\"h-section-grid-container h-section-boxed-container\">\n      <!---->\n      <div data-colibri-id=\"127-c3\" class=\"h-row-container gutters-row-lg-0 gutters-row-md-0 gutters-row-0 gutters-row-v-lg-0 gutters-row-v-md-0 gutters-row-v-0 style-327 style-local-127-c3 position-relative\">\n        <!---->\n        <div class=\"h-row justify-content-lg-center justify-content-md-center justify-content-center align-items-lg-stretch align-items-md-stretch align-items-stretch gutters-col-lg-0 gutters-col-md-0 gutters-col-0 gutters-col-v-lg-0 gutters-col-v-md-0 gutters-col-v-0\">\n          <!---->\n          <div class=\"h-column h-column-container d-flex h-col-lg-auto h-col-md-auto h-col-auto style-328-outer style-local-127-c4-outer\">\n            <div data-colibri-id=\"127-c4\" class=\"d-flex h-flex-basis h-column__inner h-ui-empty-state-container h-px-lg-0 h-px-md-0 h-px-0 v-inner-lg-0 v-inner-md-0 v-inner-0 style-328 style-local-127-c4 position-relative\">\n              <!---->\n              <!---->\n              <div class=\"w-100 h-y-container h-column__content h-column__v-align flex-basis-100\">\n                <!---->\n              <\/div>\n            <\/div>\n          <\/div>\n          <div class=\"h-column h-column-container d-flex h-col-lg-auto h-col-md-auto h-col-auto style-329-outer style-local-127-c5-outer\">\n            <div data-colibri-id=\"127-c5\" class=\"d-flex h-flex-basis h-column__inner h-px-lg-2 h-px-md-2 h-px-2 v-inner-lg-2 v-inner-md-2 v-inner-2 style-329 style-local-127-c5 position-relative\">\n              <!---->\n              <!---->\n              <div class=\"w-100 h-y-container h-column__content h-column__v-align flex-basis-100 align-self-lg-start align-self-md-start align-self-start\">\n                <!---->\n                <div data-colibri-id=\"127-c6\" class=\"h-global-transition-all h-heading style-331 style-local-127-c6 position-relative h-element\">\n                  <!---->\n                  <div class=\"h-heading__outer style-331 style-local-127-c6\">\n                    <!---->\n                    <!---->\n                    <h2 class=\"\">Notre maitre mot : L&rsquo;adaptation<\/h2>\n                  <\/div>\n                <\/div>\n                <div data-colibri-id=\"127-c7\" class=\"h-text h-text-component style-332 style-local-127-c7 position-relative h-element\">\n                  <!---->\n                  <!---->\n                  <div class=\"\">\n                    <p>&nbsp;Titulaire d&rsquo;un BPJEPS&nbsp;(Loisirs Tout Public)\n                      <br>Lamadou\u00e9 vous propose de nombreuses animations \u00e0 la fois : nature, ludiques et unique dans l&rsquo;H\u00e9rault.\n                      <br>Nous adaptons nos activit\u00e9s et contenus en fonctions de vos besoins.<\/p>\n                    <p>Visite de l&rsquo;\u00e9levage avec : observation du troupeau et nourrissage des animaux.<\/p>\n                    <p>Atelier laine pour un souvenir fait main unique.<\/p>\n                    <p>D\u00e9couverte des plantes locales aux multiples senteurs.<\/p>\n                    <p>Construction de nichoirs pour oiseaux.<\/p>\n                    <p>Animations apiculture, avec une tenue adapt\u00e9 nous ouvrirons des ruches pour voir leur monde de l&rsquo;int\u00e9rieur.\n                      <br>\n                    <\/p>\n                    <p>Je peux me deplacer dans les ecoles pour faire une demonstration de fillage de laine ou fuseau ou rouet.\n                      <br>\n                    <\/p>\n                    <p>Anniversaire nature pour vos enfants chez Lamadou\u00e9.<\/p>\n                    <p>EVJF ou EVG venez faire une activit\u00e9 unique dans l&rsquo;H\u00e9rault pour des souvenirs nature.<\/p>\n                  <\/div>\n                <\/div>\n              <\/div>\n            <\/div>\n          <\/div>\n        <\/div>\n      <\/div>\n    <\/div>\n  <\/div>\n  <div data-colibri-component=\"section\" data-colibri-id=\"127-c8\" id=\"custom\" class=\"h-section h-section-global-spacing d-flex align-items-lg-center align-items-md-center align-items-center style-897 style-local-127-c8 position-relative\">\n    <!---->\n    <!---->\n    <div class=\"h-section-grid-container h-section-fluid-container\">\n      <!---->\n      <div data-colibri-id=\"127-c9\" class=\"h-row-container gutters-row-lg-2 gutters-row-md-2 gutters-row-0 gutters-row-v-lg-2 gutters-row-v-md-2 gutters-row-v-2 style-898 style-local-127-c9 position-relative\">\n        <!---->\n        <div class=\"h-row justify-content-lg-center justify-content-md-center justify-content-center align-items-lg-stretch align-items-md-stretch align-items-stretch gutters-col-lg-2 gutters-col-md-2 gutters-col-0 gutters-col-v-lg-2 gutters-col-v-md-2 gutters-col-v-2\">\n          <!---->\n          <div class=\"h-column h-column-container d-flex h-col-lg-auto h-col-md-auto h-col-auto style-899-outer style-local-127-c10-outer\">\n            <div data-colibri-id=\"127-c10\" class=\"d-flex h-flex-basis h-column__inner h-px-lg-2 h-px-md-2 h-px-2 v-inner-lg-2 v-inner-md-2 v-inner-2 style-899 style-local-127-c10 position-relative\">\n              <!---->\n              <!---->\n              <div class=\"w-100 h-y-container h-column__content h-column__v-align flex-basis-100 align-self-lg-start align-self-md-start align-self-start\">\n                <!---->\n                <div data-colibri-id=\"127-c11\" class=\"d-block style-902 style-local-127-c11 position-relative h-element\">\n                  <!---->\n                  <div class=\"h-image__frame-container-outer\">\n                    <div class=\"h-image__frame-container\">\n                      <!---->\n                      <!---->\n                      <img loading=\"lazy\" decoding=\"async\" width=\"902\" height=\"902\" src=\"https:\/\/www.lamadoue.fr\/wp-content\/uploads\/2022\/11\/cropped-cropped-cropped-cropped-cropped-19A72FF2-9526-488F-BB67-DE622D6100C8-1-1.jpg\" class=\"wp-image-2131 style-902-image style-local-127-c11-image\" alt=\"observation du troupeau\" srcset=\"https:\/\/www.lamadoue.fr\/wp-content\/uploads\/2022\/11\/cropped-cropped-cropped-cropped-cropped-19A72FF2-9526-488F-BB67-DE622D6100C8-1-1.jpg 902w, https:\/\/www.lamadoue.fr\/wp-content\/uploads\/2022\/11\/cropped-cropped-cropped-cropped-cropped-19A72FF2-9526-488F-BB67-DE622D6100C8-1-1-300x300.jpg 300w, https:\/\/www.lamadoue.fr\/wp-content\/uploads\/2022\/11\/cropped-cropped-cropped-cropped-cropped-19A72FF2-9526-488F-BB67-DE622D6100C8-1-1-150x150.jpg 150w, https:\/\/www.lamadoue.fr\/wp-content\/uploads\/2022\/11\/cropped-cropped-cropped-cropped-cropped-19A72FF2-9526-488F-BB67-DE622D6100C8-1-1-768x768.jpg 768w\" sizes=\"auto, (max-width: 902px) 100vw, 902px\" \/>\n                      <div class=\"h-image__frame h-hide-lg h-hide-md h-hide-sm style-902-frameImage style-local-127-c11-frameImage\"><\/div>\n                    <\/div>\n                  <\/div>\n                <\/div>\n              <\/div>\n            <\/div>\n          <\/div>\n          <div class=\"h-column h-column-container d-flex h-col-lg-auto h-col-md-auto h-col-auto style-900-outer style-local-127-c12-outer\">\n            <div data-colibri-id=\"127-c12\" class=\"d-flex h-flex-basis h-column__inner h-px-lg-2 h-px-md-2 h-px-2 v-inner-lg-2 v-inner-md-2 v-inner-2 style-900 style-local-127-c12 position-relative\">\n              <!---->\n              <!---->\n              <div class=\"w-100 h-y-container h-column__content h-column__v-align flex-basis-100 align-self-lg-start align-self-md-start align-self-start\">\n                <!---->\n                <div data-colibri-id=\"127-c13\" class=\"d-block style-903 style-local-127-c13 position-relative h-element\">\n                  <!---->\n                  <div class=\"h-image__frame-container-outer\">\n                    <div class=\"h-image__frame-container\">\n                      <!---->\n                      <!---->\n                      <img loading=\"lazy\" decoding=\"async\" width=\"2534\" height=\"1199\" src=\"https:\/\/www.lamadoue.fr\/wp-content\/uploads\/2022\/11\/cropped-atelier-laine-scaled-1.jpg\" class=\"wp-image-2158 style-903-image style-local-127-c13-image\" alt=\"atelier laine\" srcset=\"https:\/\/www.lamadoue.fr\/wp-content\/uploads\/2022\/11\/cropped-atelier-laine-scaled-1.jpg 2534w, https:\/\/www.lamadoue.fr\/wp-content\/uploads\/2022\/11\/cropped-atelier-laine-scaled-1-300x142.jpg 300w, https:\/\/www.lamadoue.fr\/wp-content\/uploads\/2022\/11\/cropped-atelier-laine-scaled-1-1024x485.jpg 1024w, https:\/\/www.lamadoue.fr\/wp-content\/uploads\/2022\/11\/cropped-atelier-laine-scaled-1-768x363.jpg 768w, https:\/\/www.lamadoue.fr\/wp-content\/uploads\/2022\/11\/cropped-atelier-laine-scaled-1-1536x727.jpg 1536w, https:\/\/www.lamadoue.fr\/wp-content\/uploads\/2022\/11\/cropped-atelier-laine-scaled-1-2048x969.jpg 2048w\" sizes=\"auto, (max-width: 2534px) 100vw, 2534px\" \/>\n                      <div class=\"h-image__frame h-hide-lg h-hide-md h-hide-sm style-903-frameImage style-local-127-c13-frameImage\"><\/div>\n                    <\/div>\n                  <\/div>\n                <\/div>\n              <\/div>\n            <\/div>\n          <\/div>\n          <div class=\"h-column h-column-container d-flex h-col-lg-auto h-col-md-auto h-col-auto style-901-outer style-local-127-c14-outer\">\n            <div data-colibri-id=\"127-c14\" class=\"d-flex h-flex-basis h-column__inner h-px-lg-2 h-px-md-2 h-px-2 v-inner-lg-2 v-inner-md-2 v-inner-2 style-901 style-local-127-c14 position-relative\">\n              <!---->\n              <!---->\n              <div class=\"w-100 h-y-container h-column__content h-column__v-align flex-basis-100 align-self-lg-start align-self-md-start align-self-start\">\n                <!---->\n                <div data-colibri-id=\"127-c15\" class=\"d-block style-904 style-local-127-c15 position-relative h-element\">\n                  <!---->\n                  <div class=\"h-image__frame-container-outer\">\n                    <div class=\"h-image__frame-container\">\n                      <!---->\n                      <!---->\n                      <img loading=\"lazy\" decoding=\"async\" width=\"1920\" height=\"2560\" src=\"https:\/\/www.lamadoue.fr\/wp-content\/uploads\/2022\/02\/cropped-IMG_6777-scaled-3.jpg\" class=\"wp-image-2133 style-904-image style-local-127-c15-image\" alt=\"demonstration\" srcset=\"https:\/\/www.lamadoue.fr\/wp-content\/uploads\/2022\/02\/cropped-IMG_6777-scaled-3.jpg 1920w, https:\/\/www.lamadoue.fr\/wp-content\/uploads\/2022\/02\/cropped-IMG_6777-scaled-3-225x300.jpg 225w, https:\/\/www.lamadoue.fr\/wp-content\/uploads\/2022\/02\/cropped-IMG_6777-scaled-3-768x1024.jpg 768w, https:\/\/www.lamadoue.fr\/wp-content\/uploads\/2022\/02\/cropped-IMG_6777-scaled-3-1152x1536.jpg 1152w, https:\/\/www.lamadoue.fr\/wp-content\/uploads\/2022\/02\/cropped-IMG_6777-scaled-3-1536x2048.jpg 1536w\" sizes=\"auto, (max-width: 1920px) 100vw, 1920px\" \/>\n                      <div class=\"h-image__frame h-hide-lg h-hide-md h-hide-sm style-904-frameImage style-local-127-c15-frameImage\"><\/div>\n                    <\/div>\n                  <\/div>\n                <\/div>\n              <\/div>\n            <\/div>\n          <\/div>\n        <\/div>\n      <\/div>\n    <\/div>\n  <\/div>\n<\/div>","protected":false},"excerpt":{"rendered":"<p>Notre maitre mot : L&rsquo;adaptation &nbsp;Titulaire d&rsquo;un BPJEPS&nbsp;(Loisirs Tout Public) Lamadou\u00e9 vous propose de nombreuses animations \u00e0 la fois : nature, ludiques et unique dans l&rsquo;H\u00e9rault. Nous adaptons nos activit\u00e9s et contenus en fonctions de vos besoins. Visite de l&rsquo;\u00e9levage avec : observation du troupeau et nourrissage des animaux. Atelier laine pour un souvenir fait [&hellip;]<\/p>\n","protected":false},"author":1,"featured_media":0,"parent":0,"menu_order":0,"comment_status":"closed","ping_status":"closed","template":"page-templates\/full-width-page.php","meta":{"footnotes":""},"class_list":["post-127","page","type-page","status-publish","hentry"],"yoast_head":"<!-- This site is optimized with the Yoast SEO plugin v21.9.1 - https:\/\/yoast.com\/wordpress\/plugins\/seo\/ -->\n<title>Scolaires et groupes - Lamadou\u00e9<\/title>\n<meta name=\"description\" content=\"pour une sortie scolaire nature, un EVJF ou EVG, un groupe, nous adaptons nos activit\u00e9s et nos contenus pour r\u00e9pondre au mieux \u00e0 vos besoins\" \/>\n<meta name=\"robots\" content=\"index, follow, max-snippet:-1, max-image-preview:large, max-video-preview:-1\" \/>\n<link rel=\"canonical\" href=\"https:\/\/www.lamadoue.fr\/index.php\/scolaires-et-groupes-evjf-evg\/\" \/>\n<meta property=\"og:locale\" content=\"fr_FR\" \/>\n<meta property=\"og:type\" content=\"article\" \/>\n<meta property=\"og:title\" content=\"Scolaires et groupes - Lamadou\u00e9\" \/>\n<meta property=\"og:description\" content=\"pour une sortie scolaire nature, un EVJF ou EVG, un groupe, nous adaptons nos activit\u00e9s et nos contenus pour r\u00e9pondre au mieux \u00e0 vos besoins\" \/>\n<meta property=\"og:url\" content=\"https:\/\/www.lamadoue.fr\/index.php\/scolaires-et-groupes-evjf-evg\/\" \/>\n<meta property=\"og:site_name\" content=\"Lamadou\u00e9\" \/>\n<meta property=\"article:publisher\" content=\"https:\/\/www.facebook.com\/Lamadou-106862788505742\/\" \/>\n<meta property=\"article:modified_time\" content=\"2024-01-22T15:56:44+00:00\" \/>\n<meta property=\"og:image\" content=\"https:\/\/www.lamadoue.fr\/wp-content\/uploads\/2022\/11\/cropped-cropped-cropped-cropped-cropped-19A72FF2-9526-488F-BB67-DE622D6100C8-1-1.jpg\" \/>\n<meta name=\"twitter:card\" content=\"summary_large_image\" \/>\n<meta name=\"twitter:label1\" content=\"Dur\u00e9e de lecture estim\u00e9e\" \/>\n\t<meta name=\"twitter:data1\" content=\"1 minute\" \/>\n<script type=\"application\/ld+json\" class=\"yoast-schema-graph\">{\"@context\":\"https:\/\/schema.org\",\"@graph\":[{\"@type\":\"WebPage\",\"@id\":\"https:\/\/www.lamadoue.fr\/index.php\/scolaires-et-groupes-evjf-evg\/\",\"url\":\"https:\/\/www.lamadoue.fr\/index.php\/scolaires-et-groupes-evjf-evg\/\",\"name\":\"Scolaires et groupes - Lamadou\u00e9\",\"isPartOf\":{\"@id\":\"https:\/\/www.lamadoue.fr\/#website\"},\"datePublished\":\"2022-02-17T14:09:03+00:00\",\"dateModified\":\"2024-01-22T15:56:44+00:00\",\"description\":\"pour une sortie scolaire nature, un EVJF ou EVG, un groupe, nous adaptons nos activit\u00e9s et nos contenus pour r\u00e9pondre au mieux \u00e0 vos besoins\",\"breadcrumb\":{\"@id\":\"https:\/\/www.lamadoue.fr\/index.php\/scolaires-et-groupes-evjf-evg\/#breadcrumb\"},\"inLanguage\":\"fr-FR\",\"potentialAction\":[{\"@type\":\"ReadAction\",\"target\":[\"https:\/\/www.lamadoue.fr\/index.php\/scolaires-et-groupes-evjf-evg\/\"]}]},{\"@type\":\"BreadcrumbList\",\"@id\":\"https:\/\/www.lamadoue.fr\/index.php\/scolaires-et-groupes-evjf-evg\/#breadcrumb\",\"itemListElement\":[{\"@type\":\"ListItem\",\"position\":1,\"name\":\"Accueil\",\"item\":\"https:\/\/www.lamadoue.fr\/\"},{\"@type\":\"ListItem\",\"position\":2,\"name\":\"Scolaires et groupes\"}]},{\"@type\":\"WebSite\",\"@id\":\"https:\/\/www.lamadoue.fr\/#website\",\"url\":\"https:\/\/www.lamadoue.fr\/\",\"name\":\"Lamadou\u00e9\",\"description\":\"&quot;Producteur de douceur&quot; \u00e9levage de lama \u00e0 Montpellier, laine, activit\u00e9 agritourisme, activit\u00e9s ludiques\",\"publisher\":{\"@id\":\"https:\/\/www.lamadoue.fr\/#organization\"},\"potentialAction\":[{\"@type\":\"SearchAction\",\"target\":{\"@type\":\"EntryPoint\",\"urlTemplate\":\"https:\/\/www.lamadoue.fr\/?s={search_term_string}\"},\"query-input\":\"required name=search_term_string\"}],\"inLanguage\":\"fr-FR\"},{\"@type\":\"Organization\",\"@id\":\"https:\/\/www.lamadoue.fr\/#organization\",\"name\":\"Lamadou\u00e9\",\"url\":\"https:\/\/www.lamadoue.fr\/\",\"logo\":{\"@type\":\"ImageObject\",\"inLanguage\":\"fr-FR\",\"@id\":\"https:\/\/www.lamadoue.fr\/#\/schema\/logo\/image\/\",\"url\":\"https:\/\/www.lamadoue.fr\/wp-content\/uploads\/2022\/06\/logo-transparent.png\",\"contentUrl\":\"https:\/\/www.lamadoue.fr\/wp-content\/uploads\/2022\/06\/logo-transparent.png\",\"width\":4096,\"height\":4096,\"caption\":\"Lamadou\u00e9\"},\"image\":{\"@id\":\"https:\/\/www.lamadoue.fr\/#\/schema\/logo\/image\/\"},\"sameAs\":[\"https:\/\/www.facebook.com\/Lamadou-106862788505742\/\",\"https:\/\/www.youtube.com\/channel\/UCOOrtb88az9nkBy-XtLKslg\/videos\",\"https:\/\/www.instagram.com\/lamadoue\/\"]}]}<\/script>\n<!-- \/ Yoast SEO plugin. -->","yoast_head_json":{"title":"Scolaires et groupes - Lamadou\u00e9","description":"pour une sortie scolaire nature, un EVJF ou EVG, un groupe, nous adaptons nos activit\u00e9s et nos contenus pour r\u00e9pondre au mieux \u00e0 vos besoins","robots":{"index":"index","follow":"follow","max-snippet":"max-snippet:-1","max-image-preview":"max-image-preview:large","max-video-preview":"max-video-preview:-1"},"canonical":"https:\/\/www.lamadoue.fr\/index.php\/scolaires-et-groupes-evjf-evg\/","og_locale":"fr_FR","og_type":"article","og_title":"Scolaires et groupes - Lamadou\u00e9","og_description":"pour une sortie scolaire nature, un EVJF ou EVG, un groupe, nous adaptons nos activit\u00e9s et nos contenus pour r\u00e9pondre au mieux \u00e0 vos besoins","og_url":"https:\/\/www.lamadoue.fr\/index.php\/scolaires-et-groupes-evjf-evg\/","og_site_name":"Lamadou\u00e9","article_publisher":"https:\/\/www.facebook.com\/Lamadou-106862788505742\/","article_modified_time":"2024-01-22T15:56:44+00:00","og_image":[{"url":"https:\/\/www.lamadoue.fr\/wp-content\/uploads\/2022\/11\/cropped-cropped-cropped-cropped-cropped-19A72FF2-9526-488F-BB67-DE622D6100C8-1-1.jpg"}],"twitter_card":"summary_large_image","twitter_misc":{"Dur\u00e9e de lecture estim\u00e9e":"1 minute"},"schema":{"@context":"https:\/\/schema.org","@graph":[{"@type":"WebPage","@id":"https:\/\/www.lamadoue.fr\/index.php\/scolaires-et-groupes-evjf-evg\/","url":"https:\/\/www.lamadoue.fr\/index.php\/scolaires-et-groupes-evjf-evg\/","name":"Scolaires et groupes - Lamadou\u00e9","isPartOf":{"@id":"https:\/\/www.lamadoue.fr\/#website"},"datePublished":"2022-02-17T14:09:03+00:00","dateModified":"2024-01-22T15:56:44+00:00","description":"pour une sortie scolaire nature, un EVJF ou EVG, un groupe, nous adaptons nos activit\u00e9s et nos contenus pour r\u00e9pondre au mieux \u00e0 vos besoins","breadcrumb":{"@id":"https:\/\/www.lamadoue.fr\/index.php\/scolaires-et-groupes-evjf-evg\/#breadcrumb"},"inLanguage":"fr-FR","potentialAction":[{"@type":"ReadAction","target":["https:\/\/www.lamadoue.fr\/index.php\/scolaires-et-groupes-evjf-evg\/"]}]},{"@type":"BreadcrumbList","@id":"https:\/\/www.lamadoue.fr\/index.php\/scolaires-et-groupes-evjf-evg\/#breadcrumb","itemListElement":[{"@type":"ListItem","position":1,"name":"Accueil","item":"https:\/\/www.lamadoue.fr\/"},{"@type":"ListItem","position":2,"name":"Scolaires et groupes"}]},{"@type":"WebSite","@id":"https:\/\/www.lamadoue.fr\/#website","url":"https:\/\/www.lamadoue.fr\/","name":"Lamadou\u00e9","description":"&quot;Producteur de douceur&quot; \u00e9levage de lama \u00e0 Montpellier, laine, activit\u00e9 agritourisme, activit\u00e9s ludiques","publisher":{"@id":"https:\/\/www.lamadoue.fr\/#organization"},"potentialAction":[{"@type":"SearchAction","target":{"@type":"EntryPoint","urlTemplate":"https:\/\/www.lamadoue.fr\/?s={search_term_string}"},"query-input":"required name=search_term_string"}],"inLanguage":"fr-FR"},{"@type":"Organization","@id":"https:\/\/www.lamadoue.fr\/#organization","name":"Lamadou\u00e9","url":"https:\/\/www.lamadoue.fr\/","logo":{"@type":"ImageObject","inLanguage":"fr-FR","@id":"https:\/\/www.lamadoue.fr\/#\/schema\/logo\/image\/","url":"https:\/\/www.lamadoue.fr\/wp-content\/uploads\/2022\/06\/logo-transparent.png","contentUrl":"https:\/\/www.lamadoue.fr\/wp-content\/uploads\/2022\/06\/logo-transparent.png","width":4096,"height":4096,"caption":"Lamadou\u00e9"},"image":{"@id":"https:\/\/www.lamadoue.fr\/#\/schema\/logo\/image\/"},"sameAs":["https:\/\/www.facebook.com\/Lamadou-106862788505742\/","https:\/\/www.youtube.com\/channel\/UCOOrtb88az9nkBy-XtLKslg\/videos","https:\/\/www.instagram.com\/lamadoue\/"]}]}},"_links":{"self":[{"href":"https:\/\/www.lamadoue.fr\/index.php\/wp-json\/wp\/v2\/pages\/127","targetHints":{"allow":["GET"]}}],"collection":[{"href":"https:\/\/www.lamadoue.fr\/index.php\/wp-json\/wp\/v2\/pages"}],"about":[{"href":"https:\/\/www.lamadoue.fr\/index.php\/wp-json\/wp\/v2\/types\/page"}],"author":[{"embeddable":true,"href":"https:\/\/www.lamadoue.fr\/index.php\/wp-json\/wp\/v2\/users\/1"}],"replies":[{"embeddable":true,"href":"https:\/\/www.lamadoue.fr\/index.php\/wp-json\/wp\/v2\/comments?post=127"}],"version-history":[{"count":14,"href":"https:\/\/www.lamadoue.fr\/index.php\/wp-json\/wp\/v2\/pages\/127\/revisions"}],"predecessor-version":[{"id":2400,"href":"https:\/\/www.lamadoue.fr\/index.php\/wp-json\/wp\/v2\/pages\/127\/revisions\/2400"}],"wp:attachment":[{"href":"https:\/\/www.lamadoue.fr\/index.php\/wp-json\/wp\/v2\/media?parent=127"}],"curies":[{"name":"wp","href":"https:\/\/api.w.org\/{rel}","templated":true}]}}